{"id":7677,"date":"2023-12-26T20:17:14","date_gmt":"2023-12-26T19:17:14","guid":{"rendered":"https:\/\/cvjm-joellenbeck.de\/wp\/?post_type=tribe_events&#038;p=7677"},"modified":"2024-01-06T01:15:30","modified_gmt":"2024-01-06T00:15:30","slug":"rendezvous-for-brass","status":"publish","type":"tribe_events","link":"https:\/\/cvjm-joellenbeck.de\/wp\/veranstaltung\/rendezvous-for-brass\/","title":{"rendered":"Rendezvous for Brass"},"content":{"rendered":"<h3>Konzertante Abendmusik<\/h3>\n<p><strong>Sonntag, 21.01.2024 | 17.00 Uhr<\/strong><br \/>\n<strong>Marienkirche Bielefeld-J\u00f6llenbeck<\/strong><br \/>\nEickumer Str. 19, 33739 Bielefeld<\/p>\n<h3>bujupo \u2013 Jugendposaunenchor im CVJM<\/h3>\n<p>Leitung: Klaus-Peter Diehl, Andreas Form,<br \/>\nLukas Bonstein &amp; Andreas Tetkov<br \/>\nModeration: Annika Dickel &amp; Carina Oettershagen<br \/>\nEintritt frei \u2013 Kollekte willkommen<\/p>\n<h3>bujupo &#8211; was ist das denn?<\/h3>\n<p>Das ist ein Chor f\u00fcr talentierte Jungbl\u00e4serinnen und -bl\u00e4ser im CVJM-Westbund, die Freude am Musizieren haben. Die jungen Menschen haben die Chance andere Bl\u00e4serinnen und Bl\u00e4ser aus dem Westbund kennenzu-lernen und einmal \u00fcber den Rand des eigenen Chores und Ortes zu blicken. Die Leitung dieses Chores liegt bei den hauptamtlichen des CVJM-Westbundes f\u00fcr die Bl\u00e4serarbeit.<br \/>\nDieses Jahr haben wir diesen Chor zu Gast bei uns in J\u00f6llenbeck und d\u00fcrfen miterleben, was sich an bl\u00e4serischer Nachwuchsarbeit im CVJM-Westbund tut.<br \/>\nEin ganz besonderes Highlight f\u00fcr uns aus J\u00f6llenbeck ist, dass zwei junge Bl\u00e4ser aus unserem Chor dabei sind. Sie haben sich f\u00fcr den bujupo beworben und wurden angenommen!<br \/>\nHerzlichen Gl\u00fcckwunsch an Paolo Corvasce und Karl K\u00fcstermann!<\/p>\n","protected":false},"excerpt":{"rendered":"<p>Konzertante Abendmusik Sonntag, 21.01.2024 | 17.00 Uhr Marienkirche Bielefeld-J\u00f6llenbeck Eickumer Str. 19, 33739 Bielefeld bujupo \u2013 Jugendposaunenchor im CVJM Leitung: Klaus-Peter Diehl, <a href=\"https:\/\/cvjm-joellenbeck.de\/wp\/veranstaltung\/rendezvous-for-brass\/\"> [&#8230;]<\/a><\/p>\n","protected":false},"author":20,"featured_media":7675,"template":"","meta":{"_tribe_events_status":"","_tribe_events_status_reason":"","footnotes":""},"tags":[],"tribe_events_cat":[46,44,45,38,71,43,42],"class_list":["post-7677","tribe_events","type-tribe_events","status-publish","has-post-thumbnail","hentry","tribe_events_cat-besondere-veranstaltungen","tribe_events_cat-freizeiten","tribe_events_cat-maennertreff","tribe_events_cat-mitarbeiterkreis","tribe_events_cat-musik","tribe_events_cat-offensiv","tribe_events_cat-punkt6","cat_besondere-veranstaltungen","cat_freizeiten","cat_maennertreff","cat_mitarbeiterkreis","cat_musik","cat_offensiv","cat_punkt6"],"_links":{"self":[{"href":"https:\/\/cvjm-joellenbeck.de\/wp\/wp-json\/wp\/v2\/tribe_events\/7677","targetHints":{"allow":["GET"]}}],"collection":[{"href":"https:\/\/cvjm-joellenbeck.de\/wp\/wp-json\/wp\/v2\/tribe_events"}],"about":[{"href":"https:\/\/cvjm-joellenbeck.de\/wp\/wp-json\/wp\/v2\/types\/tribe_events"}],"author":[{"embeddable":true,"href":"https:\/\/cvjm-joellenbeck.de\/wp\/wp-json\/wp\/v2\/users\/20"}],"version-history":[{"count":0,"href":"https:\/\/cvjm-joellenbeck.de\/wp\/wp-json\/wp\/v2\/tribe_events\/7677\/revisions"}],"wp:featuredmedia":[{"embeddable":true,"href":"https:\/\/cvjm-joellenbeck.de\/wp\/wp-json\/wp\/v2\/media\/7675"}],"wp:attachment":[{"href":"https:\/\/cvjm-joellenbeck.de\/wp\/wp-json\/wp\/v2\/media?parent=7677"}],"wp:term":[{"taxonomy":"post_tag","embeddable":true,"href":"https:\/\/cvjm-joellenbeck.de\/wp\/wp-json\/wp\/v2\/tags?post=7677"},{"taxonomy":"tribe_events_cat","embeddable":true,"href":"https:\/\/cvjm-joellenbeck.de\/wp\/wp-json\/wp\/v2\/tribe_events_cat?post=7677"}],"curies":[{"name":"wp","href":"https:\/\/api.w.org\/{rel}","templated":true}]}}

<h3>Konzertante Abendmusik</h3>
<p><strong>Sonntag, 21.01.2024 | 17.00 Uhr</strong><br />
<strong>Marienkirche Bielefeld-Jöllenbeck</strong><br />
Eickumer Str. 19, 33739 Bielefeld</p>
<h3>bujupo – Jugendposaunenchor im CVJM</h3>
<p>Leitung: Klaus-Peter Diehl, Andreas Form,<br />
Lukas Bonstein &amp; Andreas Tetkov<br />
Moderation: Annika Dickel &amp; Carina Oettershagen<br />
Eintritt frei – Kollekte willkommen</p>
<h3>bujupo &#8211; was ist das denn?</h3>
<p>Das ist ein Chor für talentierte Jungbläserinnen und -bläser im CVJM-Westbund, die Freude am Musizieren haben. Die jungen Menschen haben die Chance andere Bläserinnen und Bläser aus dem Westbund kennenzu-lernen und einmal über den Rand des eigenen Chores und Ortes zu blicken. Die Leitung dieses Chores liegt bei den hauptamtlichen des CVJM-Westbundes für die Bläserarbeit.<br />
Dieses Jahr haben wir diesen Chor zu Gast bei uns in Jöllenbeck und dürfen miterleben, was sich an bläserischer Nachwuchsarbeit im CVJM-Westbund tut.<br />
Ein ganz besonderes Highlight für uns aus Jöllenbeck ist, dass zwei junge Bläser aus unserem Chor dabei sind. Sie haben sich für den bujupo beworben und wurden angenommen!<br />
Herzlichen Glückwunsch an Paolo Corvasce und Karl Küstermann!</p>

<p>Konzertante Abendmusik Sonntag, 21.01.2024 | 17.00 Uhr Marienkirche Bielefeld-Jöllenbeck Eickumer Str. 19, 33739 Bielefeld bujupo – Jugendposaunenchor im CVJM Leitung: Klaus-Peter Diehl, <a href="https://cvjm-joellenbeck.de/wp/veranstaltung/rendezvous-for-brass/"> [&#8230;]</a></p>
