{"id":7515,"date":"2023-10-17T22:04:13","date_gmt":"2023-10-17T20:04:13","guid":{"rendered":"https:\/\/cvjm-joellenbeck.de\/wp\/?post_type=tribe_events&#038;p=7515"},"modified":"2024-11-05T08:45:32","modified_gmt":"2024-11-05T07:45:32","slug":"oekumenischer-laternenumzug","status":"publish","type":"tribe_events","link":"https:\/\/cvjm-joellenbeck.de\/wp\/veranstaltung\/oekumenischer-laternenumzug\/","title":{"rendered":"\u00d6kumenischer Laternenumzug"},"content":{"rendered":"<p>Am Sonntag, 10. November finden in J\u00f6llenbeck wieder die \u00f6kumenischen Martinsumz\u00fcge statt.<\/p>\n<p>Die Z\u00fcge starten in Begleitung kleiner Bl\u00e4sergruppen des CVJM J\u00f6llenbeck<\/p>\n<p>jeweils um <strong>17:30 Uhr<\/strong><\/p>\n<p><strong>an der Feuerwache (W\u00f6rheider Weg), <\/strong><\/p>\n<p><strong>an der Grundschule Dreekerheide und <\/strong><\/p>\n<p><strong>am Oberlohmannshof (Buskehre).<\/strong><\/p>\n<p>Auf dem Weg werden an verschiedenen Stationen Martinslieder gesungen. Ziel des Sternmarsches ist in diesem Jahr die <strong>katholische Liebfrauenkirche<\/strong>. Dort gibt es zum Abschluss um<strong> ca. 18:15 Uhr<\/strong> eine kurze Andacht mit Martinsspiel.<\/p>\n<p>Gro\u00df und Klein sind herzlich eingeladen, mit dabei zu sein!<\/p>\n","protected":false},"excerpt":{"rendered":"<p>Am Sonntag, 10. November finden in J\u00f6llenbeck wieder die \u00f6kumenischen Martinsumz\u00fcge statt. Die Z\u00fcge starten in Begleitung kleiner Bl\u00e4sergruppen des CVJM J\u00f6llenbeck <a href=\"https:\/\/cvjm-joellenbeck.de\/wp\/veranstaltung\/oekumenischer-laternenumzug\/\"> [&#8230;]<\/a><\/p>\n","protected":false},"author":20,"featured_media":8357,"template":"","meta":{"_tribe_events_status":"","_tribe_events_status_reason":"","footnotes":""},"tags":[],"tribe_events_cat":[46,44,34,33,35,71,72],"class_list":["post-7515","tribe_events","type-tribe_events","status-publish","has-post-thumbnail","hentry","tribe_events_cat-besondere-veranstaltungen","tribe_events_cat-freizeiten","tribe_events_cat-jungen-jungschar","tribe_events_cat-kinderkreis-regenbogen","tribe_events_cat-maedchen-jungschar","tribe_events_cat-musik","tribe_events_cat-sport","cat_besondere-veranstaltungen","cat_freizeiten","cat_jungen-jungschar","cat_kinderkreis-regenbogen","cat_maedchen-jungschar","cat_musik","cat_sport"],"_links":{"self":[{"href":"https:\/\/cvjm-joellenbeck.de\/wp\/wp-json\/wp\/v2\/tribe_events\/7515","targetHints":{"allow":["GET"]}}],"collection":[{"href":"https:\/\/cvjm-joellenbeck.de\/wp\/wp-json\/wp\/v2\/tribe_events"}],"about":[{"href":"https:\/\/cvjm-joellenbeck.de\/wp\/wp-json\/wp\/v2\/types\/tribe_events"}],"author":[{"embeddable":true,"href":"https:\/\/cvjm-joellenbeck.de\/wp\/wp-json\/wp\/v2\/users\/20"}],"version-history":[{"count":1,"href":"https:\/\/cvjm-joellenbeck.de\/wp\/wp-json\/wp\/v2\/tribe_events\/7515\/revisions"}],"predecessor-version":[{"id":8356,"href":"https:\/\/cvjm-joellenbeck.de\/wp\/wp-json\/wp\/v2\/tribe_events\/7515\/revisions\/8356"}],"wp:featuredmedia":[{"embeddable":true,"href":"https:\/\/cvjm-joellenbeck.de\/wp\/wp-json\/wp\/v2\/media\/8357"}],"wp:attachment":[{"href":"https:\/\/cvjm-joellenbeck.de\/wp\/wp-json\/wp\/v2\/media?parent=7515"}],"wp:term":[{"taxonomy":"post_tag","embeddable":true,"href":"https:\/\/cvjm-joellenbeck.de\/wp\/wp-json\/wp\/v2\/tags?post=7515"},{"taxonomy":"tribe_events_cat","embeddable":true,"href":"https:\/\/cvjm-joellenbeck.de\/wp\/wp-json\/wp\/v2\/tribe_events_cat?post=7515"}],"curies":[{"name":"wp","href":"https:\/\/api.w.org\/{rel}","templated":true}]}}

Ökumenischer Laternenumzug

<p>Am Sonntag, 10. November finden in Jöllenbeck wieder die ökumenischen Martinsumzüge statt.</p>
<p>Die Züge starten in Begleitung kleiner Bläsergruppen des CVJM Jöllenbeck</p>
<p>jeweils um <strong>17:30 Uhr</strong></p>
<p><strong>an der Feuerwache (Wörheider Weg), </strong></p>
<p><strong>an der Grundschule Dreekerheide und </strong></p>
<p><strong>am Oberlohmannshof (Buskehre).</strong></p>
<p>Auf dem Weg werden an verschiedenen Stationen Martinslieder gesungen. Ziel des Sternmarsches ist in diesem Jahr die <strong>katholische Liebfrauenkirche</strong>. Dort gibt es zum Abschluss um<strong> ca. 18:15 Uhr</strong> eine kurze Andacht mit Martinsspiel.</p>
<p>Groß und Klein sind herzlich eingeladen, mit dabei zu sein!</p>

<p>Am Sonntag, 10. November finden in Jöllenbeck wieder die ökumenischen Martinsumzüge statt. Die Züge starten in Begleitung kleiner Bläsergruppen des CVJM Jöllenbeck <a href="https://cvjm-joellenbeck.de/wp/veranstaltung/oekumenischer-laternenumzug/"> [&#8230;]</a></p>
