{"id":6839,"date":"2022-03-08T21:33:56","date_gmt":"2022-03-08T20:33:56","guid":{"rendered":"https:\/\/www.cvjm-joellenbeck.de\/wp\/?post_type=tribe_events&#038;p=6839"},"modified":"2022-03-23T19:00:03","modified_gmt":"2022-03-23T18:00:03","slug":"blaeserkonzert-zu-laetare","status":"publish","type":"tribe_events","link":"https:\/\/cvjm-joellenbeck.de\/wp\/veranstaltung\/blaeserkonzert-zu-laetare\/","title":{"rendered":"Bl\u00e4serkonzert zu Laetare"},"content":{"rendered":"<div class=\"row\">\n<div class=\"medium-12 columns event-info\">\n<p>&nbsp;<\/p>\n<\/div>\n<\/div>\n<p>&nbsp;<\/p>\n<p>&nbsp;<\/p>\n<p><img decoding=\"async\" class=\"size-medium wp-image-6855 aligncenter\" src=\"https:\/\/cvjm-joellenbeck.de\/wp\/wp-content\/uploads\/2022\/03\/IMG_8274-215x300.jpg\" alt=\"\" width=\"215\" height=\"300\" srcset=\"https:\/\/cvjm-joellenbeck.de\/wp\/wp-content\/uploads\/2022\/03\/IMG_8274-200x278.jpg 200w, https:\/\/cvjm-joellenbeck.de\/wp\/wp-content\/uploads\/2022\/03\/IMG_8274-215x300.jpg 215w, https:\/\/cvjm-joellenbeck.de\/wp\/wp-content\/uploads\/2022\/03\/IMG_8274-400x557.jpg 400w, https:\/\/cvjm-joellenbeck.de\/wp\/wp-content\/uploads\/2022\/03\/IMG_8274-600x835.jpg 600w, https:\/\/cvjm-joellenbeck.de\/wp\/wp-content\/uploads\/2022\/03\/IMG_8274.jpg 640w\" sizes=\"(max-width: 215px) 100vw, 215px\" \/><\/p>\n<p>Auf dem Programm stehen geistliche und weltliche Werke verschiedener Komponisten. Es erklingt Musik, die f\u00fcr Bl\u00e4ser komponiert wurde, aber auch \u00e4ltere Werke, Hits und Evergreens, die sehr ansprechend und interessant f\u00fcr Bl\u00e4ser arrangiert wurden.<br \/>\nEs ist, wie immer ein buntes Programm alter und neuer Musik zum Zuh\u00f6ren und Mitsingen. Besinnliches und Fr\u00f6hliches wechseln sich ab. Dies steht ganz im Zeichen des Sonntags \u201eLaetare\u201c (zu deutsch: \u201eFreuet euch\u201c), dem fr\u00f6hlichsten und hoffnungsvollsten Sonntag der Passionszeit.<br \/>\nEs musizieren der Posaunenchor J\u00f6llenbeck (Leitung Hauke Ehlers), J\u00fcrmkeBrass und die Jungbl\u00e4ser des CVJM (Leitung Martin Stork).<br \/>\nDer Eintritt ist, wie immer, frei.<br \/>\nEine Spende f\u00fcr die Bl\u00e4serarbeit ist uns h\u00f6chst willkommen.<br \/>\nDie g\u00fcltigen Hygieneregeln sind zu beachten.<\/p>\n","protected":false},"excerpt":{"rendered":"<p>&nbsp; &nbsp; &nbsp; Auf dem Programm stehen geistliche und weltliche Werke verschiedener Komponisten. Es erklingt Musik, die f\u00fcr Bl\u00e4ser komponiert wurde, aber <a href=\"https:\/\/cvjm-joellenbeck.de\/wp\/veranstaltung\/blaeserkonzert-zu-laetare\/\"> [&#8230;]<\/a><\/p>\n","protected":false},"author":6,"featured_media":2346,"template":"","meta":{"_tribe_events_status":"","_tribe_events_status_reason":"","footnotes":""},"tags":[],"tribe_events_cat":[46,71],"class_list":["post-6839","tribe_events","type-tribe_events","status-publish","has-post-thumbnail","hentry","tribe_events_cat-besondere-veranstaltungen","tribe_events_cat-musik","cat_besondere-veranstaltungen","cat_musik"],"_links":{"self":[{"href":"https:\/\/cvjm-joellenbeck.de\/wp\/wp-json\/wp\/v2\/tribe_events\/6839","targetHints":{"allow":["GET"]}}],"collection":[{"href":"https:\/\/cvjm-joellenbeck.de\/wp\/wp-json\/wp\/v2\/tribe_events"}],"about":[{"href":"https:\/\/cvjm-joellenbeck.de\/wp\/wp-json\/wp\/v2\/types\/tribe_events"}],"author":[{"embeddable":true,"href":"https:\/\/cvjm-joellenbeck.de\/wp\/wp-json\/wp\/v2\/users\/6"}],"version-history":[{"count":1,"href":"https:\/\/cvjm-joellenbeck.de\/wp\/wp-json\/wp\/v2\/tribe_events\/6839\/revisions"}],"predecessor-version":[{"id":6856,"href":"https:\/\/cvjm-joellenbeck.de\/wp\/wp-json\/wp\/v2\/tribe_events\/6839\/revisions\/6856"}],"wp:featuredmedia":[{"embeddable":true,"href":"https:\/\/cvjm-joellenbeck.de\/wp\/wp-json\/wp\/v2\/media\/2346"}],"wp:attachment":[{"href":"https:\/\/cvjm-joellenbeck.de\/wp\/wp-json\/wp\/v2\/media?parent=6839"}],"wp:term":[{"taxonomy":"post_tag","embeddable":true,"href":"https:\/\/cvjm-joellenbeck.de\/wp\/wp-json\/wp\/v2\/tags?post=6839"},{"taxonomy":"tribe_events_cat","embeddable":true,"href":"https:\/\/cvjm-joellenbeck.de\/wp\/wp-json\/wp\/v2\/tribe_events_cat?post=6839"}],"curies":[{"name":"wp","href":"https:\/\/api.w.org\/{rel}","templated":true}]}}

Bläserkonzert zu Laetare

<div class="row">
<div class="medium-12 columns event-info">
<p>&nbsp;</p>
</div>
</div>
<p>&nbsp;</p>
<p>&nbsp;</p>
<p><img decoding="async" class="size-medium wp-image-6855 aligncenter" src="https://cvjm-joellenbeck.de/wp/wp-content/uploads/2022/03/IMG_8274-215x300.jpg" alt="" width="215" height="300" srcset="https://cvjm-joellenbeck.de/wp/wp-content/uploads/2022/03/IMG_8274-200x278.jpg 200w, https://cvjm-joellenbeck.de/wp/wp-content/uploads/2022/03/IMG_8274-215x300.jpg 215w, https://cvjm-joellenbeck.de/wp/wp-content/uploads/2022/03/IMG_8274-400x557.jpg 400w, https://cvjm-joellenbeck.de/wp/wp-content/uploads/2022/03/IMG_8274-600x835.jpg 600w, https://cvjm-joellenbeck.de/wp/wp-content/uploads/2022/03/IMG_8274.jpg 640w" sizes="(max-width: 215px) 100vw, 215px" /></p>
<p>Auf dem Programm stehen geistliche und weltliche Werke verschiedener Komponisten. Es erklingt Musik, die für Bläser komponiert wurde, aber auch ältere Werke, Hits und Evergreens, die sehr ansprechend und interessant für Bläser arrangiert wurden.<br />
Es ist, wie immer ein buntes Programm alter und neuer Musik zum Zuhören und Mitsingen. Besinnliches und Fröhliches wechseln sich ab. Dies steht ganz im Zeichen des Sonntags „Laetare“ (zu deutsch: „Freuet euch“), dem fröhlichsten und hoffnungsvollsten Sonntag der Passionszeit.<br />
Es musizieren der Posaunenchor Jöllenbeck (Leitung Hauke Ehlers), JürmkeBrass und die Jungbläser des CVJM (Leitung Martin Stork).<br />
Der Eintritt ist, wie immer, frei.<br />
Eine Spende für die Bläserarbeit ist uns höchst willkommen.<br />
Die gültigen Hygieneregeln sind zu beachten.</p>

<p>&nbsp; &nbsp; &nbsp; Auf dem Programm stehen geistliche und weltliche Werke verschiedener Komponisten. Es erklingt Musik, die für Bläser komponiert wurde, aber <a href="https://cvjm-joellenbeck.de/wp/veranstaltung/blaeserkonzert-zu-laetare/"> [&#8230;]</a></p>
